True
Does 87 divide 2718315?
True
Is 48494 a multiple of 5?
False
Is 7 a factor of 30408?
True
Does 27 divide 3879360?
True
Is 57962 a multiple of 98?
False
Is 10724686 a multiple of 31?
False
Is 314 a factor of 1865100?
False
Is 50844 a multiple of 94?
False
Is 4106368 a multiple of 538?
False
Is 3865537 a multiple of 169?
True
Is 2032694 a multiple of 23?
True
Does 254 divide 81534?
True
Does 50 divide 203981?
False
Is 9 a factor of 2072?
False
Does 12 divide 2203095?
False
Is 818920 a multiple of 694?
True
Does 61 divide 437283?
False
Does 108 divide 3127788?
True
Is 60725 a multiple of 25?
True
Does 8 divide 186305?
False
Is 337426 a multiple of 280?
False
Is 295218 a multiple of 154?
True
Is 1305078 a multiple of 491?
True
Does 24 divide 42936?
True
Is 74 a factor of 390218?
False
Does 3 divide 385523?
False
Does 312 divide 53248?
False
Is 5 a factor of 582268?
False
Does 360 divide 215228?
False
Does 38 divide 168492?
True
Is 9919 a multiple of 763?
True
Is 718221 a multiple of 8?
False
Is 220652 a multiple of 10?
False
Is 8 a factor of 295280?
True
Is 17 a factor of 1982081?
True
Is 8945344 a multiple of 206?
True
Does 48 divide 141236?
False
Does 36 divide 53262?
False
Is 316 a factor of 714694?
False
Is 4840599 a multiple of 4?
False
Is 22983 a multiple of 141?
True
Does 21 divide 16312422?
True
Is 25 a factor of 3519515?
False
Is 846 a factor of 11931138?
True
Is 84 a factor of 2276400?
True
Does 16 divide 3141746?
False
Is 4 a factor of 1250884?
True
Is 321 a factor of 109648?
False
Does 461 divide 3226603?
False
Is 16 a factor of 9221520?
True
Is 14299422 a multiple of 324?
False
Is 1207 a factor of 6547435?
False
Is 62 a factor of 846833?
False
Is 2261693 a multiple of 49?
True
Does 19 divide 545832?
True
Does 188 divide 20025610?
False
Is 14268 a multiple of 164?
True
Is 240 a factor of 540480?
True
Is 61 a factor of 18331771?
False
Is 1001156 a multiple of 19?
False
Is 765210 a multiple of 345?
True
Is 1738785 a multiple of 19?
True
Is 13 a factor of 825461?
True
Is 43162 a multiple of 161?
False
Does 9 divide 137990?
False
Is 8757701 a multiple of 1777?
False
Does 139 divide 319253?
False
Is 260599 a multiple of 421?
True
Is 5830656 a multiple of 208?
True
Is 9302930 a multiple of 5?
True
Does 10 divide 10655?
False
Is 618 a factor of 257865?
False
Does 16 divide 132010?
False
Is 5858800 a multiple of 50?
True
Is 9 a factor of 339943?
False
Is 79 a factor of 684281?
False
Does 630 divide 465570?
True
Is 9 a factor of 376686?
True
Does 122 divide 32940?
True
Is 146 a factor of 130378?
True
Is 31 a factor of 603906?
False
Does 395 divide 31323?
False
Is 6085450 a multiple of 338?
False
Is 250 a factor of 204670?
False
Does 11 divide 182160?
True
Is 76680 a multiple of 27?
True
Is 1742896 a multiple of 16?
True
Is 432743 a multiple of 41?
False
Does 97 divide 9976119?
False
Is 362826 a multiple of 6?
True
Is 90350 a multiple of 325?
True
Is 16572 a multiple of 5?
False
Is 5023928 a multiple of 728?
True
Is 795969 a multiple of 177?
True
Does 288 divide 146016?
True
Is 108741 a multiple of 6?
False
Is 158050 a multiple of 290?
True
Is 72 a factor of 9207504?
True
Does 222 divide 7770?
True
Is 227 a factor of 667196?
False
Is 777574 a multiple of 4?
False
Is 326575 a multiple of 39?
False
Does 223 divide 254666?
True
Is 688959 a multiple of 391?
False
Is 245 a factor of 4867514?
False
Is 81602 a multiple of 24?
False
Does 13 divide 252031?
True
Is 262 a factor of 3685292?
True
Is 77627 a multiple of 87?
False
Is 4 a factor of 56016?
True
Is 185204 a multiple of 198?
False
Is 11 a factor of 133826?
True
Does 1060 divide 19336520?
True
Is 16 a factor of 8650720?
True
Does 224 divide 5749991?
False
Is 1345 a factor of 29347512?
False
Is 597 a factor of 8416247?
False
Is 500 a factor of 1444748?
False
Is 16459 a multiple of 25?
False
Does 221 divide 24934?
False
Does 248 divide 9178?
False
Is 21238226 a multiple of 206?
False
Does 3 divide 101703?
True
Does 2 divide 8871?
False
Is 1418370 a multiple of 10?
True
Is 104828 a multiple of 146?
True
Does 169 divide 1015521?
True
Does 48 divide 229680?
True
Does 17 divide 461839?
True
Is 229 a factor of 207245?
True
Is 372 a factor of 7141656?
True
Is 229434 a multiple of 168?
False
Is 26 a factor of 754?
True
Is 13171 a multiple of 25?
False
Is 609861 a multiple of 13?
False
Is 21 a factor of 882294?
True
Does 58 divide 251256?
True
Is 4 a factor of 281344?
True
Is 14 a factor of 4373581?
False
Is 19 a factor of 1385516?
False
Does 54 divide 2902878?
True
Is 2524184 a multiple of 1352?
True
Does 54 divide 328385?
False
Does 69 divide 492867?
True
Is 329664 a multiple of 39?
False
Does 33 divide 16637?
False
Is 694 a factor of 7364686?
False
Is 10 a factor of 12035162?
False
Does 29 divide 8988086?
True
Is 208 a factor of 440960?
True
Is 17376635 a multiple of 234?
False
Is 125 a factor of 3041269?
False
Does 3 divide 69674?
False
Is 351 a factor of 4058405?
False
Is 116 a factor of 114567?
False
Does 14 divide 1822341?
False
Does 6 divide 9468?
True
Is 5542537 a multiple of 7?
True
Is 61836 a multiple of 6?
True
Does 11 divide 382060?
False
Is 11 a factor of 2857897?
False
Does 36 divide 25092?
True
Is 15 a factor of 143190?
True
Is 19 a factor of 540205?
False
Is 11 a factor of 463863?
False
Is 1148328 a multiple of 25?
False
Is 114 a factor of 551975?
False
Does 22 divide 307956?
True
Is 9 a factor of 36153?
True
Is 10944288 a multiple of 12?
True
Does 121 divide 253173?
False
Is 1317510 a multiple of 65?
False
Does 14 divide 12209162?
True
Is 33074 a multiple of 23?
True
Does 3 divide 47955?
True
Is 6100884 a multiple of 36?
True
Does 1063 divide 325974?
False
Is 28 a factor of 373244?
False
Is 64 a factor of 1489882?
False
Is 4309477 a multiple of 13?
False
Does 57 divide 51932?
False
Is 2194308 a multiple of 18?
True
Is 795130 a multiple of 70?
True
Is 13 a factor of 3474?
False
Is 225 a factor of 995093?
False
Does 156 divide 636341?
False
Does 339 divide 7372572?
True
Is 42 a factor of 686574?
True
Is 102 a factor of 727770?
True
Does 3 divide 48681?
True
Does 126 divide 39186?
True
Is 440208 a multiple of 48?
True
Is 1478148 a multiple of 5?
False
Is 95 a factor of 7921400?
False
Is 119826 a multiple of 94?
False
Does 15 divide 48405?
True
Does 4 divide 2517?
False
Is 13817497 a multiple of 1342?
False
Is 328585 a multiple of 28?
False
Does 19 divide 363470?
True
Does 3 divide 6925?
False
Does 47 divide 67351?
True
Does 15 divide 176815?
False
Is 394 a factor of 13396?
True
Is 10919840 a multiple of 1818?
False
Is 267225 a multiple of 21?
True
Does 39 divide 295235?
False
Is 9032 a multiple of 3?
False
Is 393912 a multiple of 18?
True
Does 307 divide 183382?
False
Is 5177520 a multiple of 94?
True
Does 51 divide 801?
False
Is 81 a factor of 5763209?
False
Is 236928 a multiple of 111?
False
Is 51 a factor of 265404?
True
Does 350 divide 108192?
False
Is 727770 a multiple of 34?
True
Does 601 divide 372624?
False
Is 414 even?
True
Is 38 a factor of 1050015?
False
Does 112 divide 15580?
False
Is 26281959 a multiple of 627?
True
Is 59 a factor of 852432?
True
Is 413 a factor of 442856?
False
Is 2648868 a multiple of 71?
True
Is 7798616 a multiple of 185?
False
Is 114239 a multiple of 71?
True
Does 10 divide 338900?
True
Is 17018113 a multiple of 259?
True
Is 16 a factor of 167125?
False
Does 22 divide 17270?
True
Is 677 a factor of 109674?
True
Is 148580 a multiple of 21?
False
Does 457 divide 2115984?
False
Is 10 a factor of 7180?
True
Is 35 a factor of 4829545?
True
Is 406844 a multiple of 527?
True
Is 6156677 a multiple of 12?
False
Is 24 a factor of 514632?
True
Does 15 divide 22662?
False
Does 5 divide 308923?
False
Does 89 divide 182245?
False
Does 21 divide 1016736?
True
Is 42336 a multiple of 27?
True
Is 67232 a multiple of 2?
True
Is 98750 a multiple of 158?
True
Is 19754 a multiple of 166?
True
Does 719 divide 3205580?
False
Does 82 divide 1165236?
False
Is 28808 a multiple of 8?
True
Is 97841 a multiple of 145?
False
Does 9 divide 32400?
True
Is 463 a factor of 6830639?
True
Is 456207 a multiple of 123?
True
Does 6 divide 288?
True
Does 12 divide 3118920?
True
Does 209 divide 4274407?
False
Is 10 a factor of 118830?
True
Does 2105 divide 9721043?
False
Is 77088 a multiple